are the prime factors of 783?
3, 29
List the prime factors of 29673.
3, 7, 157
What are the prime factors of 22834?
2, 7, 233
List the prime factors of 23686.
2, 13, 911
What are the prime factors of 15900?
2, 3, 5, 53
List the prime factors of 907.
907
List the prime factors of 101.
101
What are the prime factors of 803?
11, 73
What are the prime factors of 3282?
2, 3, 547
List the prime factors of 864.
2, 3
List the prime factors of 7587.
3, 281
List the prime factors of 15079.
17, 887
List the prime factors of 1428.
2, 3, 7, 17
What are the prime factors of 104612?
2, 26153
List the prime factors of 567.
3, 7
What are the prime factors of 135283?
135283
List the prime factors of 2823.
3, 941
List the prime factors of 31053.
3, 11, 941
What are the prime factors of 119896?
2, 7, 2141
What are the prime factors of 52343?
17, 3079
List the prime factors of 1267.
7, 181
What are the prime factors of 33092?
2, 8273
List the prime factors of 8046.
2, 3, 149
What are the prime factors of 12145?
5, 7, 347
What are the prime factors of 11?
11
List the prime factors of 7653.
3, 2551
List the prime factors of 1457.
31, 47
List the prime factors of 23885.
5, 17, 281
List the prime factors of 6571.
6571
What are the prime factors of 17130?
2, 3, 5, 571
List the prime factors of 2221.
2221
What are the prime factors of 2748?
2, 3, 229
What are the prime factors of 22397?
22397
What are the prime factors of 35608?
2, 4451
List the prime factors of 91797.
3, 37, 827
List the prime factors of 1958.
2, 11, 89
What are the prime factors of 1795?
5, 359
What are the prime factors of 63223?
17, 3719
List the prime factors of 3107.
13, 239
List the prime factors of 5086.
2, 2543
List the prime factors of 30196.
2, 7549
List the prime factors of 28076.
2, 7019
List the prime factors of 8320.
2, 5, 13
What are the prime factors of 29242?
2, 14621
List the prime factors of 98857.
11, 19, 43
What are the prime factors of 1100?
2, 5, 11
What are the prime factors of 930?
2, 3, 5, 31
What are the prime factors of 844?
2, 211
What are the prime factors of 417?
3, 139
What are the prime factors of 1484?
2, 7, 53
What are the prime factors of 29667?
3, 11, 29, 31
What are the prime factors of 1965?
3, 5, 131
List the prime factors of 19578.
2, 3, 13, 251
What are the prime factors of 3642?
2, 3, 607
What are the prime factors of 44886?
2, 3, 7481
List the prime factors of 14666.
2, 7333
What are the prime factors of 645?
3, 5, 43
What are the prime factors of 66618?
2, 3, 3701
List the prime factors of 125919.
3, 17, 823
List the prime factors of 15.
3, 5
What are the prime factors of 9591?
3, 23, 139
List the prime factors of 26342.
2, 13171
What are the prime factors of 1389?
3, 463
What are the prime factors of 12292?
2, 7, 439
What are the prime factors of 27261?
3, 13, 233
What are the prime factors of 1898?
2, 13, 73
List the prime factors of 6825.
3, 5, 7, 13
What are the prime factors of 84?
2, 3, 7
What are the prime factors of 3809?
13, 293
List the prime factors of 56041.
56041
List the prime factors of 5005.
5, 7, 11, 13
List the prime factors of 13330.
2, 5, 31, 43
List the prime factors of 5905.
5, 1181
What are the prime factors of 968?
2, 11
List the prime factors of 30554.
2, 15277
List the prime factors of 3452.
2, 863
What are the prime factors of 78?
2, 3, 13
List the prime factors of 1090.
2, 5, 109
List the prime factors of 8935.
5, 1787
What are the prime factors of 15604?
2, 47, 83
List the prime factors of 65998.
2, 32999
List the prime factors of 93858.
2, 3, 15643
List the prime factors of 2255.
5, 11, 41
List the prime factors of 2193.
3, 17, 43
What are the prime factors of 535?
5, 107
List the prime factors of 17229.
3, 5743
What are the prime factors of 23302?
2, 61, 191
List the prime factors of 26804.
2, 6701
What are the prime factors of 13231?
101, 131
List the prime factors of 796.
2, 199
What are the prime factors of 1478?
2, 739
List the prime factors of 2398.
2, 11, 109
What are the prime factors of 1427?
1427
List the prime factors of 637.
7, 13
List the prime factors of 8.
2
What are the prime factors of 180986?
2, 13, 6961
What are the prime factors of 5872?
2, 367
List the prime factors of 2124.
2, 3, 59
What are the prime factors of 11235?
3, 5, 7, 107
List the prime factors of 59967.
3, 2221
List the prime factors of 72544.
2, 2267
List the prime factors of 42059.
137, 307
What are the prime factors of 3665?
5, 733
What are the prime factors of 1127?
7, 23
List the prime factors of 17968.
2, 1123
List the prime factors of 798.
2, 3, 7, 19
What are the prime factors of 15226?
2, 23, 331
What are the prime factors of 9894?
2, 3, 17, 97
List the prime factors of 18938.
2, 17, 557
List the prime factors of 659.
659
List the prime factors of 50901.
3, 19, 47
What are the prime factors of 6036?
2, 3, 503
List the prime factors of 3169.
3169
List the prime factors of 7824.
2, 3, 163
What are the prime factors of 3955?
5, 7, 113
List the prime factors of 18420.
2, 3, 5, 307
What are the prime factors of 44614?
2, 22307
What are the prime factors of 5432?
2, 7, 97
What are the prime factors of 1094?
2, 547
List the prime factors of 7846.
2, 3923
What are the prime factors of 6579?
3, 17, 43
What are the prime factors of 3302?
2, 13, 127
What are the prime factors of 100981?
100981
List the prime factors of 19376.
2, 7, 173
List the prime factors of 10499.
10499
What are the prime factors of 4407?
3, 13, 113
What are the prime factors of 4918?
2, 2459
List the prime factors of 6574.
2, 19, 173
What are the prime factors of 19906?
2, 37, 269
What are the prime factors of 15361?
15361
List the prime factors of 27022.
2, 59, 229
List the prime factors of 3913.
7, 13, 43
List the prime factors of 40247.
167, 241
List the prime factors of 1605.
3, 5, 107
What are the prime factors of 34829?
29, 1201
List the prime factors of 727.
727
List the prime factors of 14663.
11, 31, 43
List the prime factors of 54204.
2, 3, 4517
What are the prime factors of 10389?
3, 3463
List the prime factors of 67057.
67057
What are the prime factors of 1270?
2, 5, 127
List the prime factors of 152055.
3, 5, 31, 109
What are the prime factors of 62630?
2, 5, 6263
List the prime factors of 7977.
3, 2659
List the prime factors of 4532.
2, 11, 103
What are the prime factors of 11923?
11923
What are the prime factors of 5221?
23, 227
What are the prime factors of 22330?
2, 5, 7, 11, 29
What are the prime factors of 915?
3, 5, 61
What are the prime factors of 1550?
2, 5, 31
What are the prime factors of 64503?
3, 2389
List the prime factors of 37886.
2, 19, 997
List the prime factors of 4992.
2, 3, 13
List the prime factors of 4072.
2, 509
What are the prime factors of 27696?
2, 3, 577
List the prime factors of 3359.
3359
What are the prime factors of 21237?
3, 7079
What are the prime factors of 29693?
23, 1291
List the prime factors of 98244.
2, 3, 2729
List the prime factors of 13787.
17, 811
What are the prime factors of 2373?
3, 7, 113
What are the prime factors of 837?
3, 31
What are the prime factors of 3137?
3137
List the prime factors of 17933.
79, 227
What are the prime factors of 1719?
3, 191
What are the prime factors of 96567?
3, 32189
List the prime factors of 6563.
6563
What are the prime factors of 45971?
45971
List the prime factors of 10117.
67, 151
What are the prime factors of 16780?
2, 5, 839
What are the prime factors of 4961?
11, 41
What are the prime factors of 637?
7, 13
What are the prime factors of 1322?
2, 661
List the prime factors of 54933.
3, 18311
What are the prime factors of 49434?
2, 3, 7, 11, 107
List the prime factors of 5554.
2, 2777
List the prime factors of 2095.
5, 419
What are the prime factors of 4186?
2, 7, 13, 23
List the prime factors of 12402.
2, 3, 13, 53
List the prime factors of 37312.
2, 11, 53
What are the prime factors of 5771?
29, 199
What are the prime factors of 201?
3, 67
List the prime factors of 1302.
2, 3, 7, 31
What are the prime factors of 9957?
3, 3319
What are the prime factors of 48190?
2, 5, 61, 79
List the prime factors of 23019.
3, 7673
List the prime factors of 6103.
17, 359
List the prime factors of 7890.
2, 3, 5, 263
What are the prime factors of 111?
3, 37
What are the prime factors of 6408?
2